{"id":36,"date":"2012-07-16T20:40:30","date_gmt":"2012-07-16T18:40:30","guid":{"rendered":"http:\/\/www.essdans.com\/?page_id=36"},"modified":"2019-07-26T07:34:14","modified_gmt":"2019-07-26T05:34:14","slug":"spesialkurs","status":"publish","type":"page","link":"https:\/\/www.essdans.no\/esswp\/kurs\/spesialkurs\/","title":{"rendered":"Spesialkurs"},"content":{"rendered":"\n<p><\/p>\n\n\n\n<p style=\"color:#000000\" class=\"has-text-color has-normal-font-size\">Vi kan tilby barnehager, skoler og bedrifter egne kurs.&nbsp;P\u00e5 skolene stiller vi b\u00e5de i skoletiden og i elevenes fritid. Kursene legges opp etter skolens eller elevenes egne \u00f8nsker.<\/p>\n\n\n\n<p style=\"color:#000000\" class=\"has-text-color has-normal-font-size\">Vi har hos de forskjellige bedriftene erfart litt forskjellig. Noen foretrekker danseundervisning som et lite avbrekk&nbsp; midt p\u00e5 dagen i arbeidstiden, mens andre foretrekker det litt sosiale etter arbeidstid.<\/p>\n\n\n\n<p style=\"color:#000000\" class=\"has-text-color has-normal-font-size\">Skal du gifte deg? Da kan vi hjelper deg med brudevalsen.<\/p>\n\n\n\n<p style=\"color:#000000\" class=\"has-text-color has-normal-font-size\">Har du andre \u00f8nsker eller behov? Ta kontakt, vi ordner det meste<\/p>\n","protected":false},"excerpt":{"rendered":"<p>Vi kan tilby barnehager, skoler og bedrifter egne kurs.&nbsp;P\u00e5 skolene stiller vi b\u00e5de i skoletiden og i elevenes fritid. Kursene legges opp etter skolens eller elevenes egne \u00f8nsker. Vi har hos de forskjellige bedriftene erfart litt forskjellig. Noen foretrekker danseundervisning som et lite avbrekk&nbsp; midt p\u00e5 dagen i arbeidstiden, mens andre foretrekker det litt sosiale [&hellip;]<\/p>\n","protected":false},"author":1,"featured_media":0,"parent":20,"menu_order":0,"comment_status":"open","ping_status":"open","template":"","meta":{"footnotes":""},"class_list":["post-36","page","type-page","status-publish","hentry"],"_links":{"self":[{"href":"https:\/\/www.essdans.no\/esswp\/wp-json\/wp\/v2\/pages\/36","targetHints":{"allow":["GET"]}}],"collection":[{"href":"https:\/\/www.essdans.no\/esswp\/wp-json\/wp\/v2\/pages"}],"about":[{"href":"https:\/\/www.essdans.no\/esswp\/wp-json\/wp\/v2\/types\/page"}],"author":[{"embeddable":true,"href":"https:\/\/www.essdans.no\/esswp\/wp-json\/wp\/v2\/users\/1"}],"replies":[{"embeddable":true,"href":"https:\/\/www.essdans.no\/esswp\/wp-json\/wp\/v2\/comments?post=36"}],"version-history":[{"count":3,"href":"https:\/\/www.essdans.no\/esswp\/wp-json\/wp\/v2\/pages\/36\/revisions"}],"predecessor-version":[{"id":2887,"href":"https:\/\/www.essdans.no\/esswp\/wp-json\/wp\/v2\/pages\/36\/revisions\/2887"}],"up":[{"embeddable":true,"href":"https:\/\/www.essdans.no\/esswp\/wp-json\/wp\/v2\/pages\/20"}],"wp:attachment":[{"href":"https:\/\/www.essdans.no\/esswp\/wp-json\/wp\/v2\/media?parent=36"}],"curies":[{"name":"wp","href":"https:\/\/api.w.org\/{rel}","templated":true}]}}