{"id":3427,"date":"2021-01-04T21:20:25","date_gmt":"2021-01-04T20:20:25","guid":{"rendered":"https:\/\/www.essdans.no\/?page_id=3427"},"modified":"2022-04-05T15:59:33","modified_gmt":"2022-04-05T13:59:33","slug":"pameldingsvilkar","status":"publish","type":"page","link":"https:\/\/www.essdans.no\/esswp\/pameldingsvilkar\/","title":{"rendered":"P\u00e5meldings- og kj\u00f8psvilk\u00e5r"},"content":{"rendered":"\n<p class=\"has-black-color has-text-color has-normal-font-size\">Dette er vilk\u00e5rene du godtar ved \u00e5 melde p\u00e5 til kurs, dansehelger og liknende. Har du sp\u00f8rsm\u00e5l, vennligst ta kontakt med oss.<\/p>\n\n\n\n<p><strong>KJ\u00d8PSVILK\u00c5R KURS<\/strong><\/p>\n\n\n\n<ol class=\"wp-block-list\" type=\"1\"><li><strong>Pr\u00f8vetime<\/strong><br>Vi har \u00e5pent for gratis pr\u00f8vetime kun den f\u00f8rste kursuken av hver sesong. Det betyr at du kan pr\u00f8ve deg p\u00e5 flere ulike kurs den f\u00f8rste uken, men utover det er det ingen gratis pr\u00f8vetime dersom ikke annet er avtalt med S\u00f8lvi Heimdal.<br><br>Du trenger ikke v\u00e6re p\u00e5meldt for \u00e5 delta p\u00e5 pr\u00f8vetime, men da er du heller ikke sikret \u00e5 f\u00e5 plass ved ankomst dersom partiene skulle v\u00e6re fulle. <br><br>Dersom danseren \u00f8nsker \u00e5 fortsette p\u00e5 kurs etter pr\u00f8vetime, m\u00e5 danseren meldes p\u00e5 via nettsiden snarest for \u00e5 v\u00e6re sikret plass p\u00e5 kurset. Dersom partiet er fullt n\u00e5r p\u00e5melding gj\u00f8res etter pr\u00f8vetimen, vil danseren bli plassert p\u00e5 venteliste.<br><br>P\u00e5meldingen er ogs\u00e5 helt n\u00f8dvendig dersom vi m\u00e5 ta kontakt med foresatte i forkant eller under treningen dersom noe skulle oppst\u00e5.<br><br><\/li><li><strong>Bindende P\u00e5melding<\/strong><br>N\u00e5r du melder deg p\u00e5, s\u00e5 er du sikret plass p\u00e5 de partiene du \u00f8nsker f\u00f8rst n\u00e5r du har f\u00e5tt en bekreftelsesmail fra oss. Dersom partiet du \u00f8nsker er fullt s\u00e5 vil du komme p\u00e5 en venteliste og f\u00e5 beskjed deretter.<br><br>P\u00e5meldingen er kun bindende etter den f\u00f8rste kursuken, med andre ord etter uken med gratis pr\u00f8vetimer. Det inneb\u00e6rer at dersom du ikke sier fra deg plassen i l\u00f8pet av uken med gratis pr\u00f8vetimer, blir man fakturert for hele bel\u00f8pet. Dette godkjenner du n\u00e5r du melder p\u00e5 danseren.<br><br><\/li><li><strong>Betalingsfrist<\/strong><br>Du vil motta en mail med betalingsinformasjon fra oss i relativt kort tid etter p\u00e5melding (Dersom p\u00e5meldingen kommer i fellesferien kan det ta noe lenger tid p\u00e5 grunn av ferieavvikling). Om du ikke skulle motta noen mail fra oss, ta kontakt med oss p\u00e5 <a rel=\"noopener noreferrer\" href=\"mailto:roea.dk@gmail.com\" target=\"_blank\">roea.dk@gmail.com<\/a> eller <a rel=\"noopener noreferrer\" href=\"mailto:silviessdans@gmail.com\" target=\"_blank\">silviessdans@gmail.com<\/a><br><br>Betalingsfristen for betaling av kurs er 2 uker etter kursoppstart for \u00e9n sesong (V\u00e5r \/ H\u00f8st). Skulle det v\u00e6re problemer rundt betalingsfristen, ta kontakt med oss f\u00f8r betalingsfristen s\u00e5 du unng\u00e5r purringer og gebyrer.<br><br>Dersom betalingen ikke blir gjort innen fristen vil det p\u00e5l\u00f8pe purringer og gebyrer, og til slutt bli sendt til inkasso.<br><br><\/li><li><strong>Tilbakebetaling av kursavgift<\/strong><br>Kursavgiften tilbakebetales ikke.<br><br>Dersom partiet skulle bli avlyst p\u00e5 grunn av f\u00e5 deltagere, s\u00e5 vil danseren f\u00e5 tilbud om \u00e5 g\u00e5 p\u00e5 et annet kurs dersom det lar seg gj\u00f8re, eller f\u00e5 pengene tilbake dersom kursavgift er innbetalt.<br><br>Force Majeure \u2013 Dersom det foreligger s\u00e6rlige omstendigheter slik som for eksempel streik, flom, jordskjelv, krig, epidemier og liknende, alts\u00e5 omstendigheter utenfor v\u00e5r kontroll, vil det ikke tilbakebetales kursavgift dersom kursene f\u00e5r et lengere opphold eller blir avlyst p\u00e5 grunn av slike s\u00e6rlige omstendigheter.<br><br><\/li><li>Det gis ikke tilgang til \u00e5 bytte fritt mellom ulike kurs eller kursdager. Skal danseren bytte kursdag m\u00e5 dette avtales med trener.<br><br><\/li><li>Danseren kan ikke bytte sin plass p\u00e5 kurset med andre, eller gi bort timer til andre n\u00e5r vedkommende er borte.<br><br><\/li><li><strong>Forsikring:<\/strong><br>Medlemmer i R\u00f8a Danseklubb mellom 5 og 13 \u00e5r er forsikret til og fra og p\u00e5 trening hos oss. For medlemmer over denne alderen m\u00e5 det betales egen lisens til Norges Danseforbund for at man skal v\u00e6re forsikret.<br><br><\/li><li><strong>Timeplan<\/strong><br>Vi forbeholder oss retten til \u00e5 endre p\u00e5 timeplanen dersom det er for f\u00e5 p\u00e5meldte eller om det foreligger andre grunner som gj\u00f8r det vanskelig \u00e5 gjennomf\u00f8re kurset. Alle vil f\u00e5 beskjed om dette til den oppgitte mailen i p\u00e5meldingsskjemaet.<br><br>9. <strong>Privattimer<\/strong> <br>Alle privattimer skal avtales med treneren som \u00f8nskes.<br><br>Betaling av privattimer skal skje til treneren som det \u00f8nskes privattime med.<br><br>Betalingen av privattimer skal gj\u00f8res i forkant av privattimen dersom ikke annet er avtalt med S\u00f8lvi Heimdal. Dette gjelder selv om hun ikke er treneren man skal ha privattime med.<br><br>Dersom privattimen avlyses av danseren under 48 timer i forkant av privattimen, skal det fremdeles betales full pris for privattimen. Unntaket er dersom legeerkl\u00e6ring fremvises. Denne regelen har vi fordi mange av v\u00e5re trenere har relativt lang reisevei og m\u00e5 planlegge ekstra, og for \u00e5 unng\u00e5 booking og avbestilling s\u00e5 man ikke kan gi tilbudet til andre som \u00f8nsker den privattimen.<br><br>Dersom treneren avlyser privattimen skal bel\u00f8pet refunderes i sin helhet.<br><br>Prisene p\u00e5 privattimer kan variere ut fra hvilken trener man \u00f8nsker.<br><br>10. Dugnadsforkpliktelse<br>Ved p\u00e5melding til kurs, forplikter foresatte \u00e5 bidra p\u00e5 dugnad. Klubben er helt avhengig av dugnadshjelp i forbindelse med ulike eventer slik som dansehelger\/kickoff, avslutninger, kj\u00f8p\/salg av dugnadseffekter og liknende.<br>Forel\u00f8pig kan foresatte selv velge hvilke aktiviteter de vil stille p\u00e5, via p\u00e5meldingsskjemaet til kurs. Dersom det er flere som melder seg p\u00e5 til samme dugnad, kan det bli tildelt andre oppgaver til en annen event. Man vil i slike tilfeller f\u00e5 en mail som forklarer dette. Dersom dugnaden man har satt seg opp p\u00e5 allikevel ikke skulle passe, m\u00e5 man selv bytte. Klubbens styre har ansvar for \u00e5 legge tilrette for dugnaden, samt \u00e5 holde foresatte informerte. Styret plikter \u00e5 informere om datoer i rimelig god tid i forkant av eventet, og det skal pr\u00f8ve \u00e5 ha datoene klare f\u00f8r hver kurssesong, men det er ikke alltid det lar seg gj\u00f8re grunnet behandlingstid p\u00e5 lokalene vi leier.<br><br>10.1 Dugnadsforpliktelse &#8211; oppgaver p\u00e5 eventene.<br>Under f\u00f8lger ulike oppgaver i forbindelse med eventene vi har som foresatte har som ansvar dersom de melder seg p\u00e5 de ulike dugnadene. Styret skal opprette grupper\/mail-lister slik at man kan kommunisere lett om disse oppgavene. Styret skal ogs\u00e5 gi klar informasjon om disse oppgavene, og hvem som er hovedansvarlig.<br><br>Dansehelg\/Kickoff (L\u00f8rdag\/S\u00f8ndag; en dag S\u00e6tre, en dag Oslo): Innkj\u00f8p av frukt til elevene som skal delta, oppskj\u00e6ring av frukten, innsjekking av dansere som kommer (krysse de av p\u00e5 en liste som blir gitt), bestilling av pizza, mottakelse av pizza. Kvitteringer m\u00e5 leveres til klubben for refusjon av utgifter. Det vil bli valgt en tilfeldig foresatt som blir &laquo;hovedansvarlig&raquo; i forbindelse med delegering og oppf\u00f8lging av dugnadsoppgavene.<br><br>Avslutning\/Danseshow (avholdes p\u00e5 en l\u00f8rdag eller s\u00f8ndag etter endt eller p\u00e5 slutten av en kurssesong): Sette ut stoler og bord, st\u00e5 i kafe, ta imot dansere\/familie (ta imot betaling og krysse av dansere p\u00e5 en liste), ordne med loddgevinster (kan sp\u00f8rre lokale butikker om sponsing), fruktkurv til utloddning, ordne med at det kommer inn kaker til salg i kafe\u00e9n (Sp\u00f8rre andre foresatte om de kan bake, f\u00f8lge opp de som har sagt de skal bake), Rydde etter arrangementet er ferdig; sette vekk stoler, bord, rydde og vaske kj\u00f8kken, moppe over gulvet i salen. Innkj\u00f8p til det som brukes i kafeen (tallerkner, servietter, vaffelr\u00f8re og s\u00e5 videre). Det m\u00e5 ogs\u00e5 gj\u00f8res &laquo;opptelling&raquo; for hva vi har igjen av slike ting etter endt avslutning\/danseshow som kan gis videre til en i styret. Kvitteringer i forbindelse med utgifter m\u00e5 gis til styret slik at man f\u00e5r refundert dette. Det vil bli valgt en tilfeldig foresatt som blir &laquo;hovedansvarlig&raquo; i forbindelse med delegering og oppf\u00f8lging av dugnadsoppgavene.<br><br>Salg av dugnadseffekter (gj\u00f8res som regel 1 gang i sesongen): Det kan v\u00e6re \u00e5 v\u00e6re stedsansvarlig i forbindelse med bestillinger &#8211; f.eks. at alle bestillinger for S\u00e6tre g\u00e5r til\/via deg hvis du er i S\u00e6tre. V\u00e6re kontaktperson for partiet\/kursstedet for andre foresatte, v\u00e6re engasjert og oppfordre til dugnads\u00e5nd samt starte en positiv dialog med andre foresatte rundt dugnaden. Komme med ideer og forslag om hva som kan benyttes som dugnadssalg. Ordne med premie til den som selger mest dersom det avtales i styret at det skal v\u00e6re en premie. Kvitteringer m\u00e5 is\u00e5fall gis til styret slik at utgiftende blir refundert. Det vil bli valgt en tilfeldig foresatt som blir &laquo;hovedansvarlig&raquo; i forbindelse med delegering og oppf\u00f8lging av dugnadsoppgavene.<br><br><strong>KJ\u00d8PSVILK\u00c5R ARRANGEMENTER<\/strong><\/li><\/ol>\n\n\n\n<ol class=\"wp-block-list\"><li>eSs Dans\/ R\u00f8a DK er ikke ansvarlige for tilbakebetaling for deltagelse p\u00e5 arrangementer som ikke er i v\u00e5rt regi, slik som nasjonale og internasjonale konkurranser.<br><br><\/li><li><strong>Kick-Off\/Dansehelg<\/strong><br>Betalingen skal gj\u00f8res innenfor oppgitt frist i forkant av arrangementet, med mindre annet er avtalt med S\u00f8lvi Heimdal. Dersom fristen ikke overholdes p\u00e5l\u00f8per det purringer med gebyrer.<br><br>P\u00e5meldingen til Kick-Off\/Dansehelg er bindene. Dersom man har meldt p\u00e5 danseren, men ikke betalt innen fristen og avmelding skjer etter fristen, vil man bli fakturert for hele bel\u00f8pet.<br><br>For etterp\u00e5melding etter fristen skal det avtales med S\u00f8lvi Heimdal.<br><br>Dersom betalingen ikke skjer innen fristen vil det p\u00e5l\u00f8pe purringer med gebyrer, og til slutt vil det g\u00e5 til inkasso, med mindre annet er avtalt med S\u00f8lvi Heimdal.<br><br>Ved avlysning av arrangementet vil bel\u00f8pet bli refundert med unntak av Force Majeure.<br><br>Force Majeure \u2013 Dersom det foreligger s\u00e6rlige omstendigheter slik som for eksempel streik, flom, jordskjelv, krig, epidemier og liknende, alts\u00e5 omstendigheter utenfor v\u00e5r kontroll, vil det ikke tilbakebetales p\u00e5meldingsbel\u00f8p dersom arrangementet blir utsatt eller blir avlyst p\u00e5 grunn av slike s\u00e6rlige omstendigheter.<br><br><\/li><li><strong>Danseleir<\/strong><br>P\u00e5meldingen til danseleir er bindende etter p\u00e5meldingsfristen som er oppgitt.<br><br>Avmelding m\u00e5 skje f\u00f8r p\u00e5meldingsfristen. Dersom avmelding skjer etter fristen, vil man bli fakturert for hele bel\u00f8pet. <br><br>Etterp\u00e5melding er mulig, men det m\u00e5 avtales med S\u00f8lvi Heimdal.<br><br>Dersom betaling skjer etter fristen uten at det er avtalt med S\u00f8lvi Heimdal, vil det p\u00e5l\u00f8pe purringer med gebyrer, og til slutt vil det g\u00e5 til inkasso. <br><br>Ved avlysning av arrangementet vil bel\u00f8pet bli refundert, med unntak av force majoure<br><br>Force Majeure \u2013 Dersom det foreligger s\u00e6rlige omstendigheter slik som for eksempel streik, flom, jordskjelv, krig, epidemier og liknende, alts\u00e5 omstendigheter utenfor v\u00e5r kontroll, vil det ikke tilbakebetales p\u00e5meldingsbel\u00f8p dersom arrangementet blir utsatt eller blir avlyst p\u00e5 grunn av slike s\u00e6rlige omstendigheter.<br><br><\/li><li><strong>Klubbkonkurranse<\/strong><br>P\u00e5meldingen til klubbkonkurransen er bindende etter p\u00e5meldingsfristen.<br><br>Dersom avmelding skjer etter oppgitte frister vil ikke det betalte bel\u00f8pet tilbakebetales. Unntaket er hvis det foreligger sykemelding fra lege. Denne m\u00e5 fremvises for at bel\u00f8pet skal tilbakebetales.<br><br>Etterp\u00e5melding er mulig, men m\u00e5 avtales med S\u00f8lvi Heimdal. Det skal ikke tas for gitt at man kan m\u00f8te opp uten p\u00e5melding i forkant og forvente at man kan stille i de konkurransegrenene man \u00f8nsker. Det bestilles inn pokaler i forkant av arrangementet, og disse beregnes etter hvor mange p\u00e5meldte det er.<br><br>Ved avlysning av arrangementet vil bel\u00f8pet bli refundert, med unntak av force majoure.<br><br>Force Majeure \u2013 Dersom det foreligger s\u00e6rlige omstendigheter slik som for eksempel streik, flom, jordskjelv, krig, epidemier og liknende, alts\u00e5 omstendigheter utenfor v\u00e5r kontroll, vil det ikke tilbakebetales p\u00e5meldingsbel\u00f8p dersom arrangementet blir utsatt eller blir avlyst p\u00e5 grunn av slike s\u00e6rlige omstendigheter.<br><br>Dersom betaling skjer etter fristen uten at det er avtalt med S\u00f8lvi Heimdal, vil det p\u00e5l\u00f8pe purringer med gebyrer, og til slutt vil det g\u00e5 til inkasso.<br><br><\/li><li><strong>Dansehow \/ Avslutning<\/strong><br>P\u00e5melding av danseren med antall familie og venner skal gj\u00f8res innen oppgitt frist. <br><br>Det er mulig for etterp\u00e5melding, ta i s\u00e5fall kontakt med S\u00f8lvi Heimdal<br><br>Det vil i de fleste tilfeller v\u00e6re en inngangspris for tilskuere p\u00e5 danseshowet. Dette er fordi vi leier lokalet en ekstra gang for \u00e5 ha danseshow \/ avslutning, og derav har en leieutgift den dagen. Dersom danseshowet \/ avslutningen holdes il\u00f8pet av kursukene, for eksempel siste kursdag, vil det ikke v\u00e6re inngangspris for tilskuere.<br><br>Inngangsprisen refunderes ikke.<\/li><\/ol>\n","protected":false},"excerpt":{"rendered":"<p>Dette er vilk\u00e5rene du godtar ved \u00e5 melde p\u00e5 til kurs, dansehelger og liknende. Har du sp\u00f8rsm\u00e5l, vennligst ta kontakt med oss. KJ\u00d8PSVILK\u00c5R KURS Pr\u00f8vetimeVi har \u00e5pent for gratis pr\u00f8vetime kun den f\u00f8rste kursuken av hver sesong. Det betyr at du kan pr\u00f8ve deg p\u00e5 flere ulike kurs den f\u00f8rste uken, men utover det er [&hellip;]<\/p>\n","protected":false},"author":10,"featured_media":0,"parent":0,"menu_order":0,"comment_status":"closed","ping_status":"closed","template":"","meta":{"footnotes":""},"class_list":["post-3427","page","type-page","status-publish","hentry"],"_links":{"self":[{"href":"https:\/\/www.essdans.no\/esswp\/wp-json\/wp\/v2\/pages\/3427","targetHints":{"allow":["GET"]}}],"collection":[{"href":"https:\/\/www.essdans.no\/esswp\/wp-json\/wp\/v2\/pages"}],"about":[{"href":"https:\/\/www.essdans.no\/esswp\/wp-json\/wp\/v2\/types\/page"}],"author":[{"embeddable":true,"href":"https:\/\/www.essdans.no\/esswp\/wp-json\/wp\/v2\/users\/10"}],"replies":[{"embeddable":true,"href":"https:\/\/www.essdans.no\/esswp\/wp-json\/wp\/v2\/comments?post=3427"}],"version-history":[{"count":4,"href":"https:\/\/www.essdans.no\/esswp\/wp-json\/wp\/v2\/pages\/3427\/revisions"}],"predecessor-version":[{"id":3616,"href":"https:\/\/www.essdans.no\/esswp\/wp-json\/wp\/v2\/pages\/3427\/revisions\/3616"}],"wp:attachment":[{"href":"https:\/\/www.essdans.no\/esswp\/wp-json\/wp\/v2\/media?parent=3427"}],"curies":[{"name":"wp","href":"https:\/\/api.w.org\/{rel}","templated":true}]}}