{"id":3320,"date":"2020-08-07T14:05:19","date_gmt":"2020-08-07T12:05:19","guid":{"rendered":"https:\/\/www.essdans.no\/?page_id=3320"},"modified":"2020-08-07T14:08:47","modified_gmt":"2020-08-07T12:08:47","slug":"jazzdans-fra-13-ar","status":"publish","type":"page","link":"https:\/\/www.essdans.no\/esswp\/kurs\/jazzdans-fra-13-ar\/","title":{"rendered":"Jazzdans fra 13 \u00e5r"},"content":{"rendered":"\n<p style=\"color:#000000\" class=\"has-text-color has-normal-font-size\">Dette partiet passer b\u00e5de for gutter og jenter i ungdomsalder som \u00f8nsker \u00e5 l\u00e6re seg jazzdans! Dette er en bred sjanger som rommer mange ulike jazzstiler som for eksempel lyrisk, kommersiell og contemporary som det vil fokuseres p\u00e5 i timene. Tempoet er b\u00e5de h\u00f8yt og lavt og musikken er alderstilpasset. Timen vil bli tilpasset niv\u00e5et p\u00e5 deltagerne, slik at det er \u00e5pent for alle &#8211; b\u00e5de de med danseerfaring og de som ikke har danset s\u00e5 mye. Vi har ungdommens mestringsf\u00f8lelse i fokus!<\/p>\n\n\n\n<p style=\"color:#000000\" class=\"has-text-color has-normal-font-size\">Timene vil best\u00e5 av b\u00e5de teknikk og koreografi, og det vil etter endt sesong v\u00e6re et danseshow hvor vi viser hva vi har l\u00e6rt. <\/p>\n\n\n\n<p><br><\/p>\n\n\n\n<p style=\"color:#000000\" class=\"has-text-color has-normal-font-size\"><em><strong>Krav:<\/strong> Ingen krav &#8211; kom som du er! Husk treningst\u00f8y og drikkeflaske<\/em><\/p>\n\n\n\n<p style=\"color:#000000\" class=\"has-text-color has-normal-font-size\"><em><strong>Kurssted: <\/strong><a href=\"https:\/\/www.essdans.no\/timeplan\/roa-oslo\/\" target=\"_blank\" rel=\"noreferrer noopener\">Oslo (Hovseter)<\/a><\/em><\/p>\n","protected":false},"excerpt":{"rendered":"<p>Dette partiet passer b\u00e5de for gutter og jenter i ungdomsalder som \u00f8nsker \u00e5 l\u00e6re seg jazzdans! Dette er en bred sjanger som rommer mange ulike jazzstiler som for eksempel lyrisk, kommersiell og contemporary som det vil fokuseres p\u00e5 i timene. Tempoet er b\u00e5de h\u00f8yt og lavt og musikken er alderstilpasset. Timen vil bli tilpasset niv\u00e5et [&hellip;]<\/p>\n","protected":false},"author":10,"featured_media":0,"parent":20,"menu_order":0,"comment_status":"closed","ping_status":"closed","template":"","meta":{"footnotes":""},"class_list":["post-3320","page","type-page","status-publish","hentry"],"_links":{"self":[{"href":"https:\/\/www.essdans.no\/esswp\/wp-json\/wp\/v2\/pages\/3320","targetHints":{"allow":["GET"]}}],"collection":[{"href":"https:\/\/www.essdans.no\/esswp\/wp-json\/wp\/v2\/pages"}],"about":[{"href":"https:\/\/www.essdans.no\/esswp\/wp-json\/wp\/v2\/types\/page"}],"author":[{"embeddable":true,"href":"https:\/\/www.essdans.no\/esswp\/wp-json\/wp\/v2\/users\/10"}],"replies":[{"embeddable":true,"href":"https:\/\/www.essdans.no\/esswp\/wp-json\/wp\/v2\/comments?post=3320"}],"version-history":[{"count":2,"href":"https:\/\/www.essdans.no\/esswp\/wp-json\/wp\/v2\/pages\/3320\/revisions"}],"predecessor-version":[{"id":3322,"href":"https:\/\/www.essdans.no\/esswp\/wp-json\/wp\/v2\/pages\/3320\/revisions\/3322"}],"up":[{"embeddable":true,"href":"https:\/\/www.essdans.no\/esswp\/wp-json\/wp\/v2\/pages\/20"}],"wp:attachment":[{"href":"https:\/\/www.essdans.no\/esswp\/wp-json\/wp\/v2\/media?parent=3320"}],"curies":[{"name":"wp","href":"https:\/\/api.w.org\/{rel}","templated":true}]}}