{"id":3183,"date":"2020-03-11T22:58:24","date_gmt":"2020-03-11T21:58:24","guid":{"rendered":"http:\/\/www.essdans.no\/?page_id=3183"},"modified":"2020-03-11T23:19:23","modified_gmt":"2020-03-11T22:19:23","slug":"nyheter","status":"publish","type":"page","link":"https:\/\/www.essdans.no\/esswp\/nyheter\/","title":{"rendered":"Nyheter"},"content":{"rendered":"\t\t<div data-elementor-type=\"wp-page\" data-elementor-id=\"3183\" class=\"elementor elementor-3183\" data-elementor-post-type=\"page\">\n\t\t\t\t\t\t<section class=\"elementor-section elementor-top-section elementor-element elementor-element-225c3f07 elementor-section-boxed elementor-section-height-default elementor-section-height-default\" data-id=\"225c3f07\" data-element_type=\"section\" data-e-type=\"section\">\n\t\t\t\t\t\t<div class=\"elementor-container elementor-column-gap-default\">\n\t\t\t\t\t<div class=\"elementor-column elementor-col-100 elementor-top-column elementor-element elementor-element-6817f331\" data-id=\"6817f331\" data-element_type=\"column\" data-e-type=\"column\">\n\t\t\t<div class=\"elementor-widget-wrap elementor-element-populated\">\n\t\t\t\t\t\t<div class=\"elementor-element elementor-element-1b9ae27 elementor-widget elementor-widget-posts\" data-id=\"1b9ae27\" data-element_type=\"widget\" data-e-type=\"widget\" data-settings=\"{&quot;pagination_type&quot;:&quot;numbers&quot;,&quot;full_content_row_gap&quot;:{&quot;unit&quot;:&quot;px&quot;,&quot;size&quot;:80,&quot;sizes&quot;:[]}}\" data-widget_type=\"posts.full_content\">\n\t\t\t\t<div class=\"elementor-widget-container\">\n\t\t\t\t\t\t\t<div class=\"elementor-posts-container elementor-posts elementor-posts--skin-full_content elementor-grid\">\n\t\t\t\t<article class=\"elementor-post elementor-grid-item post-3992 post type-post status-publish format-standard hentry category-skolen\">\n\t\t\t\t<div class=\"elementor-post__text\">\n\t\t\t\t<h1 class=\"elementor-post__title\">\n\t\t\t<a href=\"https:\/\/www.essdans.no\/esswp\/endring-av-timeplan\/\" >\n\t\t\t\tEndring av timeplan\t\t\t<\/a>\n\t\t<\/h1>\n\t\t\t\t<div class=\"elementor-post__meta-data\">\n\t\t\t\t\t<span class=\"elementor-post-date\">\n\t\t\t04\/02\/2026\t\t<\/span>\n\t\t\t\t<span class=\"elementor-post-avatar\">\n\t\t\tIngen kommentarer\t\t<\/span>\n\t\t\t\t<\/div>\n\t\t\n<p>Det er en endring i timeplanen hvor showdans p\u00e5 onsdager er kortet ned med 30 minutter, s\u00e5 timen starter 2000 og varer til 2030, og voksenpartiet fundance for voksne er flyttet slik at det stsrter 2030 og slutter 2130. Showdanspartiet vil derfor f\u00e5 en egen pris, og vi sender ut informasjon til de som er p\u00e5meldt p\u00e5 kurset.<\/p>\n\t\t<\/div>\n\t\t\t\t<\/article>\n\t\t\t\t<article class=\"elementor-post elementor-grid-item post-3976 post type-post status-publish format-standard hentry category-skolen\">\n\t\t\t\t<div class=\"elementor-post__text\">\n\t\t\t\t<h1 class=\"elementor-post__title\">\n\t\t\t<a href=\"https:\/\/www.essdans.no\/esswp\/dansehelg-januar\/\" >\n\t\t\t\tDANSEHELG januar\t\t\t<\/a>\n\t\t<\/h1>\n\t\t\t\t<div class=\"elementor-post__meta-data\">\n\t\t\t\t\t<span class=\"elementor-post-date\">\n\t\t\t16\/01\/2026\t\t<\/span>\n\t\t\t\t<span class=\"elementor-post-avatar\">\n\t\t\tIngen kommentarer\t\t<\/span>\n\t\t\t\t<\/div>\n\t\t\n\n\n<p><img fetchpriority=\"high\" fetchpriority=\"high\" decoding=\"async\" class=\"alignnone size-medium wp-image-3977\" src=\"https:\/\/www.essdans.no\/esswp\/wp-content\/uploads\/2026\/01\/FB_IMG_1768519949069-225x300.jpg\" alt=\"\" width=\"225\" height=\"300\" srcset=\"https:\/\/www.essdans.no\/esswp\/wp-content\/uploads\/2026\/01\/FB_IMG_1768519949069-225x300.jpg 225w, https:\/\/www.essdans.no\/esswp\/wp-content\/uploads\/2026\/01\/FB_IMG_1768519949069-768x1024.jpg 768w, https:\/\/www.essdans.no\/esswp\/wp-content\/uploads\/2026\/01\/FB_IMG_1768519949069-1152x1536.jpg 1152w, https:\/\/www.essdans.no\/esswp\/wp-content\/uploads\/2026\/01\/FB_IMG_1768519949069.jpg 1332w\" sizes=\"(max-width: 225px) 100vw, 225px\" \/><\/p>\n\n\n\t\t<\/div>\n\t\t\t\t<\/article>\n\t\t\t\t<article class=\"elementor-post elementor-grid-item post-3962 post type-post status-publish format-standard hentry category-skolen\">\n\t\t\t\t<div class=\"elementor-post__text\">\n\t\t\t\t<h1 class=\"elementor-post__title\">\n\t\t\t<a href=\"https:\/\/www.essdans.no\/esswp\/vi-starter-opp-i-uke-4\/\" >\n\t\t\t\tVI STARTER OPP I UKE 4\t\t\t<\/a>\n\t\t<\/h1>\n\t\t\t\t<div class=\"elementor-post__meta-data\">\n\t\t\t\t\t<span class=\"elementor-post-date\">\n\t\t\t08\/01\/2026\t\t<\/span>\n\t\t\t\t<span class=\"elementor-post-avatar\">\n\t\t\tIngen kommentarer\t\t<\/span>\n\t\t\t\t<\/div>\n\t\t\n<blockquote>\n<p>P\u00e5meldingen til v\u00e5rens kurs er \u00e5pen\ud83c\udf89 Sikre deg plass f\u00f8r kursene blir fulle &#8211; vi har kurs for barn, ungdom og voksne\ud83d\udc83 Velkommen til nye, \u00f8vet og drevne dansere, vi gleder oss til \u00e5 se akkurat DEG p\u00e5 kurs\ud83d\udc83<\/p>\n<\/blockquote>\n\n\n\t\t<\/div>\n\t\t\t\t<\/article>\n\t\t\t\t<article class=\"elementor-post elementor-grid-item post-3948 post type-post status-publish format-standard hentry category-skolen\">\n\t\t\t\t<div class=\"elementor-post__text\">\n\t\t\t\t<h1 class=\"elementor-post__title\">\n\t\t\t<a href=\"https:\/\/www.essdans.no\/esswp\/pameldingen-er-apen\/\" >\n\t\t\t\tP\u00c5MELDINGEN ER \u00c5PEN!\t\t\t<\/a>\n\t\t<\/h1>\n\t\t\t\t<div class=\"elementor-post__meta-data\">\n\t\t\t\t\t<span class=\"elementor-post-date\">\n\t\t\t10\/08\/2025\t\t<\/span>\n\t\t\t\t<span class=\"elementor-post-avatar\">\n\t\t\tIngen kommentarer\t\t<\/span>\n\t\t\t\t<\/div>\n\t\t\n<p>N\u00e5 er det straks tid for dans igjen, og det er allerede mange som har meldt seg p\u00e5 kurs! Sjekk ut timeplanen og bli med oss p\u00e5 dansegulvet denne h\u00f8sten &#8211; vi gleder oss til \u00e5 se deg!<\/p>\n\t\t<\/div>\n\t\t\t\t<\/article>\n\t\t\t\t<article class=\"elementor-post elementor-grid-item post-3916 post type-post status-publish format-standard hentry category-skolen\">\n\t\t\t\t<div class=\"elementor-post__text\">\n\t\t\t\t<h1 class=\"elementor-post__title\">\n\t\t\t<a href=\"https:\/\/www.essdans.no\/esswp\/pameldingen-til-varens-kurs-er-apen-2\/\" >\n\t\t\t\tP\u00e5meldingen til v\u00e5rens kurs er \u00e5pen\t\t\t<\/a>\n\t\t<\/h1>\n\t\t\t\t<div class=\"elementor-post__meta-data\">\n\t\t\t\t\t<span class=\"elementor-post-date\">\n\t\t\t20\/12\/2024\t\t<\/span>\n\t\t\t\t<span class=\"elementor-post-avatar\">\n\t\t\tIngen kommentarer\t\t<\/span>\n\t\t\t\t<\/div>\n\t\t\n\n\n<p>Vi \u00f8nsker nye og &laquo;gamle&raquo; dansere velkommen tilbake til ny sesong med ny musikk og nye koreografien!<\/p>\n\t\t<\/div>\n\t\t\t\t<\/article>\n\t\t\t\t<article class=\"elementor-post elementor-grid-item post-3897 post type-post status-publish format-standard hentry category-skolen\">\n\t\t\t\t<div class=\"elementor-post__text\">\n\t\t\t\t<h1 class=\"elementor-post__title\">\n\t\t\t<a href=\"https:\/\/www.essdans.no\/esswp\/fundance-for-voksne\/\" >\n\t\t\t\tFundance &#8211; for voksne\t\t\t<\/a>\n\t\t<\/h1>\n\t\t\t\t<div class=\"elementor-post__meta-data\">\n\t\t\t\t\t<span class=\"elementor-post-date\">\n\t\t\t09\/10\/2024\t\t<\/span>\n\t\t\t\t<span class=\"elementor-post-avatar\">\n\t\t\tIngen kommentarer\t\t<\/span>\n\t\t\t\t<\/div>\n\t\t\n<p>Velkommen til nytt kurs for voksne p\u00e5 R\u00f8a &#8211; FUNDANCE<\/p>\n<p>Oppstart torsdag 17 oktober kl 21:00.<\/p>\n<p>7 ganger kr. 850,-<\/p>\n<p>Sted: R\u00f8a samfunnshus vest 2 etg.<\/p>\n\n\n\t\t<\/div>\n\t\t\t\t<\/article>\n\t\t\t\t<article class=\"elementor-post elementor-grid-item post-3880 post type-post status-publish format-standard hentry category-skolen\">\n\t\t\t\t<div class=\"elementor-post__text\">\n\t\t\t\t<h1 class=\"elementor-post__title\">\n\t\t\t<a href=\"https:\/\/www.essdans.no\/esswp\/pameldingen-til-hostens-kurs-er-apen\/\" >\n\t\t\t\tP\u00e5meldingen til h\u00f8stens kurs er \u00e5pen!\t\t\t<\/a>\n\t\t<\/h1>\n\t\t\t\t<div class=\"elementor-post__meta-data\">\n\t\t\t\t\t<span class=\"elementor-post-date\">\n\t\t\t22\/05\/2024\t\t<\/span>\n\t\t\t\t<span class=\"elementor-post-avatar\">\n\t\t\tIngen kommentarer\t\t<\/span>\n\t\t\t\t<\/div>\n\t\t\n\n\n<p>Endelig er p\u00e5meldingen til h\u00f8stens dansekurs \u00e5pen! Vi gleder oss stort til en ny dansesesong med ny musikk, nye koreografier, og ikke minst til \u00e5 m\u00f8te nye og gamle dansere. Om det er noen sp\u00f8rsm\u00e5l, ikke n\u00f8l med \u00e5 ta kontakt med oss! H\u00e5per vi sees!<\/p>\n<p>P\u00e5melding til kursene gj\u00f8res via <a href=\"https:\/\/club.spond.com\/landing\/courses\/essr%C3%B8adanse\">Spond Club (trykk her).<\/a><br \/>Vi anbefaler alle \u00e5 laste ned spond appen, da kommunikasjonen mellom trenerne, klubben og dansere\/foresatte foreg\u00e5r p\u00e5 denne plattformen ved for eksempel endring av treninger, invitasjoner til arrangementer og liknende, og for at dere lettere skal kunne kommunisere med oss.<\/p>\n\t\t<\/div>\n\t\t\t\t<\/article>\n\t\t\t\t<article class=\"elementor-post elementor-grid-item post-3867 post type-post status-publish format-standard hentry category-skolen\">\n\t\t\t\t<div class=\"elementor-post__text\">\n\t\t\t\t<h1 class=\"elementor-post__title\">\n\t\t\t<a href=\"https:\/\/www.essdans.no\/esswp\/gikk-du-glipp-av-provetime-i-uke-4\/\" >\n\t\t\t\tGikk du glipp av pr\u00f8vetime i uke 4?\t\t\t<\/a>\n\t\t<\/h1>\n\t\t\t\t<div class=\"elementor-post__meta-data\">\n\t\t\t\t\t<span class=\"elementor-post-date\">\n\t\t\t26\/01\/2024\t\t<\/span>\n\t\t\t\t<span class=\"elementor-post-avatar\">\n\t\t\tIngen kommentarer\t\t<\/span>\n\t\t\t\t<\/div>\n\t\t\n\n\n<p>Fortvil ikke! Vi utvider muligheten for pr\u00f8vetime i uke 5 ogs\u00e5!<\/p>\n<p>Enkelte klasser begynner \u00e5 f\u00e5 begrenset kapasitet, s\u00e5 her gjelder det \u00e5 melde seg p\u00e5 fort for \u00e5 sikre seg plass.<\/p>\n<p>FunDance for voksne i Oslo er dessverre fullt, ta kontakt for \u00e5 st\u00e5 p\u00e5 venteliste.<\/p>\n\t\t<\/div>\n\t\t\t\t<\/article>\n\t\t\t\t<article class=\"elementor-post elementor-grid-item post-3857 post type-post status-publish format-standard hentry category-skolen\">\n\t\t\t\t<div class=\"elementor-post__text\">\n\t\t\t\t<h1 class=\"elementor-post__title\">\n\t\t\t<a href=\"https:\/\/www.essdans.no\/esswp\/pameldingen-til-varens-kurs-er-apen\/\" >\n\t\t\t\tP\u00e5meldingen til v\u00e5rens kurs er \u00e5pen!\t\t\t<\/a>\n\t\t<\/h1>\n\t\t\t\t<div class=\"elementor-post__meta-data\">\n\t\t\t\t\t<span class=\"elementor-post-date\">\n\t\t\t10\/12\/2023\t\t<\/span>\n\t\t\t\t<span class=\"elementor-post-avatar\">\n\t\t\tIngen kommentarer\t\t<\/span>\n\t\t\t\t<\/div>\n\t\t\n<p>Vi har \u00e5pnet p\u00e5meldingen til v\u00e5rens kurs! Meld deg p\u00e5 idag og sikre deg plass. Enkelte partier har begrenset antall plasser.<\/p>\n<p><a href=\"https:\/\/club.spond.com\/landing\/courses\/essr\u00f8adanse\/4D71866E9A9B408FA02CFFBB51127CA6\">Meld deg p\u00e5 her!<\/a><\/p>\n\t\t<\/div>\n\t\t\t\t<\/article>\n\t\t\t\t<article class=\"elementor-post elementor-grid-item post-3815 post type-post status-publish format-standard hentry category-skolen\">\n\t\t\t\t<div class=\"elementor-post__text\">\n\t\t\t\t<h1 class=\"elementor-post__title\">\n\t\t\t<a href=\"https:\/\/www.essdans.no\/esswp\/prisene-vare-er-de-samme-som-sist\/\" >\n\t\t\t\tPrisene v\u00e5re er de samme som sist!\t\t\t<\/a>\n\t\t<\/h1>\n\t\t\t\t<div class=\"elementor-post__meta-data\">\n\t\t\t\t\t<span class=\"elementor-post-date\">\n\t\t\t25\/08\/2023\t\t<\/span>\n\t\t\t\t<span class=\"elementor-post-avatar\">\n\t\t\tIngen kommentarer\t\t<\/span>\n\t\t\t\t<\/div>\n\t\t\n\n\n<p>Vi synes alt har blitt s\u00e5 mye dyrere over s\u00e5 kort tid, men heldigvis har vi f\u00e5tt til \u00e5 beholde de prisene vi hadde forrige sesong! Vi \u00f8nsker at barn og unge skal ha mulighet til \u00e5 fortsette \u00e5 ha en idrett \u00e5 g\u00e5 til, oppleve danse- og mestringsglede og ikke minst det gode samholdet vi har hos oss.\u00a0<\/p>\n<p>Hilsen fra styret og trenerteamet<\/p>\n\t\t<\/div>\n\t\t\t\t<\/article>\n\t\t\t\t<\/div>\n\t\t\n\t\t\t\t<div class=\"e-load-more-anchor\" data-page=\"1\" data-max-page=\"24\" data-next-page=\"https:\/\/www.essdans.no\/esswp\/wp-json\/wp\/v2\/pages\/3183\/page\/2\/\"><\/div>\n\t\t\t\t<nav class=\"elementor-pagination\" aria-label=\"Pagination\">\n\t\t\t<span aria-current=\"page\" class=\"page-numbers current\"><span class=\"elementor-screen-only\">Side<\/span>1<\/span>\n<a class=\"page-numbers\" href=\"https:\/\/www.essdans.no\/esswp\/wp-json\/wp\/v2\/pages\/3183\/page\/2\/\"><span class=\"elementor-screen-only\">Side<\/span>2<\/a>\n<a class=\"page-numbers\" href=\"https:\/\/www.essdans.no\/esswp\/wp-json\/wp\/v2\/pages\/3183\/page\/3\/\"><span class=\"elementor-screen-only\">Side<\/span>3<\/a>\n<a class=\"page-numbers\" href=\"https:\/\/www.essdans.no\/esswp\/wp-json\/wp\/v2\/pages\/3183\/page\/4\/\"><span class=\"elementor-screen-only\">Side<\/span>4<\/a>\n<a class=\"page-numbers\" href=\"https:\/\/www.essdans.no\/esswp\/wp-json\/wp\/v2\/pages\/3183\/page\/5\/\"><span class=\"elementor-screen-only\">Side<\/span>5<\/a>\n<a class=\"page-numbers\" href=\"https:\/\/www.essdans.no\/esswp\/wp-json\/wp\/v2\/pages\/3183\/page\/6\/\"><span class=\"elementor-screen-only\">Side<\/span>6<\/a>\n<a class=\"page-numbers\" href=\"https:\/\/www.essdans.no\/esswp\/wp-json\/wp\/v2\/pages\/3183\/page\/7\/\"><span class=\"elementor-screen-only\">Side<\/span>7<\/a>\n<a class=\"page-numbers\" href=\"https:\/\/www.essdans.no\/esswp\/wp-json\/wp\/v2\/pages\/3183\/page\/8\/\"><span class=\"elementor-screen-only\">Side<\/span>8<\/a>\n<a class=\"page-numbers\" href=\"https:\/\/www.essdans.no\/esswp\/wp-json\/wp\/v2\/pages\/3183\/page\/9\/\"><span class=\"elementor-screen-only\">Side<\/span>9<\/a>\n<a class=\"page-numbers\" href=\"https:\/\/www.essdans.no\/esswp\/wp-json\/wp\/v2\/pages\/3183\/page\/10\/\"><span class=\"elementor-screen-only\">Side<\/span>10<\/a>\n<a class=\"page-numbers\" href=\"https:\/\/www.essdans.no\/esswp\/wp-json\/wp\/v2\/pages\/3183\/page\/11\/\"><span class=\"elementor-screen-only\">Side<\/span>11<\/a>\n<a class=\"page-numbers\" href=\"https:\/\/www.essdans.no\/esswp\/wp-json\/wp\/v2\/pages\/3183\/page\/12\/\"><span class=\"elementor-screen-only\">Side<\/span>12<\/a>\n<a class=\"page-numbers\" href=\"https:\/\/www.essdans.no\/esswp\/wp-json\/wp\/v2\/pages\/3183\/page\/13\/\"><span class=\"elementor-screen-only\">Side<\/span>13<\/a>\n<a class=\"page-numbers\" href=\"https:\/\/www.essdans.no\/esswp\/wp-json\/wp\/v2\/pages\/3183\/page\/14\/\"><span class=\"elementor-screen-only\">Side<\/span>14<\/a>\n<a class=\"page-numbers\" href=\"https:\/\/www.essdans.no\/esswp\/wp-json\/wp\/v2\/pages\/3183\/page\/15\/\"><span class=\"elementor-screen-only\">Side<\/span>15<\/a>\n<a class=\"page-numbers\" href=\"https:\/\/www.essdans.no\/esswp\/wp-json\/wp\/v2\/pages\/3183\/page\/16\/\"><span class=\"elementor-screen-only\">Side<\/span>16<\/a>\n<a class=\"page-numbers\" href=\"https:\/\/www.essdans.no\/esswp\/wp-json\/wp\/v2\/pages\/3183\/page\/17\/\"><span class=\"elementor-screen-only\">Side<\/span>17<\/a>\n<a class=\"page-numbers\" href=\"https:\/\/www.essdans.no\/esswp\/wp-json\/wp\/v2\/pages\/3183\/page\/18\/\"><span class=\"elementor-screen-only\">Side<\/span>18<\/a>\n<a class=\"page-numbers\" href=\"https:\/\/www.essdans.no\/esswp\/wp-json\/wp\/v2\/pages\/3183\/page\/19\/\"><span class=\"elementor-screen-only\">Side<\/span>19<\/a>\n<a class=\"page-numbers\" href=\"https:\/\/www.essdans.no\/esswp\/wp-json\/wp\/v2\/pages\/3183\/page\/20\/\"><span class=\"elementor-screen-only\">Side<\/span>20<\/a>\n<a class=\"page-numbers\" href=\"https:\/\/www.essdans.no\/esswp\/wp-json\/wp\/v2\/pages\/3183\/page\/21\/\"><span class=\"elementor-screen-only\">Side<\/span>21<\/a>\n<a class=\"page-numbers\" href=\"https:\/\/www.essdans.no\/esswp\/wp-json\/wp\/v2\/pages\/3183\/page\/22\/\"><span class=\"elementor-screen-only\">Side<\/span>22<\/a>\n<a class=\"page-numbers\" href=\"https:\/\/www.essdans.no\/esswp\/wp-json\/wp\/v2\/pages\/3183\/page\/23\/\"><span class=\"elementor-screen-only\">Side<\/span>23<\/a>\n<a class=\"page-numbers\" href=\"https:\/\/www.essdans.no\/esswp\/wp-json\/wp\/v2\/pages\/3183\/page\/24\/\"><span class=\"elementor-screen-only\">Side<\/span>24<\/a>\t\t<\/nav>\n\t\t\t\t\t\t<\/div>\n\t\t\t\t<\/div>\n\t\t\t\t\t<\/div>\n\t\t<\/div>\n\t\t\t\t\t<\/div>\n\t\t<\/section>\n\t\t\t\t<\/div>\n\t\t","protected":false},"excerpt":{"rendered":"","protected":false},"author":1,"featured_media":0,"parent":0,"menu_order":0,"comment_status":"closed","ping_status":"closed","template":"","meta":{"footnotes":""},"class_list":["post-3183","page","type-page","status-publish","hentry"],"_links":{"self":[{"href":"https:\/\/www.essdans.no\/esswp\/wp-json\/wp\/v2\/pages\/3183","targetHints":{"allow":["GET"]}}],"collection":[{"href":"https:\/\/www.essdans.no\/esswp\/wp-json\/wp\/v2\/pages"}],"about":[{"href":"https:\/\/www.essdans.no\/esswp\/wp-json\/wp\/v2\/types\/page"}],"author":[{"embeddable":true,"href":"https:\/\/www.essdans.no\/esswp\/wp-json\/wp\/v2\/users\/1"}],"replies":[{"embeddable":true,"href":"https:\/\/www.essdans.no\/esswp\/wp-json\/wp\/v2\/comments?post=3183"}],"version-history":[{"count":6,"href":"https:\/\/www.essdans.no\/esswp\/wp-json\/wp\/v2\/pages\/3183\/revisions"}],"predecessor-version":[{"id":3220,"href":"https:\/\/www.essdans.no\/esswp\/wp-json\/wp\/v2\/pages\/3183\/revisions\/3220"}],"wp:attachment":[{"href":"https:\/\/www.essdans.no\/esswp\/wp-json\/wp\/v2\/media?parent=3183"}],"curies":[{"name":"wp","href":"https:\/\/api.w.org\/{rel}","templated":true}]}}