{"id":2540,"date":"2018-11-06T22:13:42","date_gmt":"2018-11-06T21:13:42","guid":{"rendered":"http:\/\/www.essdans.no\/?page_id=2540"},"modified":"2024-12-07T03:18:22","modified_gmt":"2024-12-07T02:18:22","slug":"terminliste-konkurranser-og-arrangementer","status":"publish","type":"page","link":"https:\/\/www.essdans.no\/esswp\/terminliste-konkurranser-og-arrangementer\/","title":{"rendered":"Terminliste konkurranser og arrangementer"},"content":{"rendered":"\n<p class=\"has-text-color has-normal-font-size\" style=\"color: #000000;\"><br \/><br \/>Her er\u00a0 terminlisten for alle konkurranser i regi av Norges Danseforbund, med tilh\u00f8rende p\u00e5meldingslinker, samt v\u00e5re egne arrangementer for2025. V\u00e5re egne arrangementer kommer fortl\u00f8pende inn p\u00e5 terminlisten.<\/p>\n\n\n\n<p class=\"has-text-color has-normal-font-size\" style=\"color:#000000\">Obs! Det kan forekomme endringer underveis, men vi vil oppdatere listen fortl\u00f8pende.<\/p>\n\n\n\n<p class=\"has-text-color has-normal-font-size\" style=\"color:#000000\">(FDJ = konkurranser i regi av Norges danseforbund)<\/p>\n\n\n\n<figure class=\"wp-block-table\"><table class=\"has-fixed-layout\"><tbody><tr><td><strong>Dato<\/strong><\/td><td><strong>Arrangement<\/strong><\/td><td><strong>Sted<\/strong><\/td><td><strong>Arrang\u00f8r<\/strong><\/td><td><strong>P\u00e5meldingslink<\/strong><\/td><\/tr><tr><td>18-19. januar 2025<\/td><td>Kick off<\/td><td><\/td><td>R\u00f8a Danseklubb<\/td><td><\/td><\/tr><tr><td>15. februar 2025<\/td><td>FDJ 1<\/td><td><\/td><td>2Dance<\/td><td><\/td><\/tr><tr><td>15. mars 2025<\/td><td>FDJ 2<\/td><td><\/td><td>Dans Aktiv<\/td><td><\/td><\/tr><tr><td>5. april 2025<\/td><td>FDJ 3<\/td><td><\/td><td>Kristiansand Danseklubb<\/td><td><\/td><\/tr><tr><td>3. &#8211; 4. mai 2025<\/td><td>FDJ 4 \/NM<\/td><td><\/td><td>Studio 1<\/td><td><\/td><\/tr><tr><td>24. mai 2025<\/td><td>FDJ 5 <\/td><td><\/td><td>Unique<\/td><td><\/td><\/tr><tr><td>30. august 2025<\/td><td>FDJ 6<\/td><td>&nbsp;<\/td><td>Evolution<\/td><td><\/td><\/tr><tr><td>13. september 2025<\/td><td>FDJ 7<\/td><td>&nbsp;<\/td><td>Victory Dance<\/td><td><\/td><\/tr><tr><td>1. november 2025<\/td><td>FDJ 8<\/td><td><\/td><td>Diamond Dance &amp; Bergen Freestyle<\/td><td><\/td><\/tr><tr><td>15. &#8211; 16. november<\/td><td>FDJ 9 \/ DOTY<\/td><td><\/td><td>Step Up <\/td><td><\/td><\/tr><tr><td><\/td><td><\/td><td>&nbsp;<\/td><td><\/td><td><\/td><\/tr><tr><td><\/td><td><\/td><td>&nbsp;<\/td><td><\/td><td><\/td><\/tr><tr><td><\/td><td><\/td><td><\/td><td><\/td><td><\/td><\/tr><\/tbody><\/table><\/figure>\n\n\n\n\n","protected":false},"excerpt":{"rendered":"<p>Her er\u00a0 terminlisten for alle konkurranser i regi av Norges Danseforbund, med tilh\u00f8rende p\u00e5meldingslinker, samt v\u00e5re egne arrangementer for2025. V\u00e5re egne arrangementer kommer fortl\u00f8pende inn p\u00e5 terminlisten. Obs! Det kan forekomme endringer underveis, men vi vil oppdatere listen fortl\u00f8pende. (FDJ = konkurranser i regi av Norges danseforbund) Dato Arrangement Sted Arrang\u00f8r P\u00e5meldingslink 18-19. januar 2025 [&hellip;]<\/p>\n","protected":false},"author":10,"featured_media":0,"parent":0,"menu_order":0,"comment_status":"closed","ping_status":"closed","template":"","meta":{"footnotes":""},"class_list":["post-2540","page","type-page","status-publish","hentry"],"_links":{"self":[{"href":"https:\/\/www.essdans.no\/esswp\/wp-json\/wp\/v2\/pages\/2540","targetHints":{"allow":["GET"]}}],"collection":[{"href":"https:\/\/www.essdans.no\/esswp\/wp-json\/wp\/v2\/pages"}],"about":[{"href":"https:\/\/www.essdans.no\/esswp\/wp-json\/wp\/v2\/types\/page"}],"author":[{"embeddable":true,"href":"https:\/\/www.essdans.no\/esswp\/wp-json\/wp\/v2\/users\/10"}],"replies":[{"embeddable":true,"href":"https:\/\/www.essdans.no\/esswp\/wp-json\/wp\/v2\/comments?post=2540"}],"version-history":[{"count":7,"href":"https:\/\/www.essdans.no\/esswp\/wp-json\/wp\/v2\/pages\/2540\/revisions"}],"predecessor-version":[{"id":3362,"href":"https:\/\/www.essdans.no\/esswp\/wp-json\/wp\/v2\/pages\/2540\/revisions\/3362"}],"wp:attachment":[{"href":"https:\/\/www.essdans.no\/esswp\/wp-json\/wp\/v2\/media?parent=2540"}],"curies":[{"name":"wp","href":"https:\/\/api.w.org\/{rel}","templated":true}]}}